
Suppose -4*n = -4*g + 3*g - 15, 55 = -2*g + 3*n. Let a(p) = p + 7. Let d be a(-5). What are the prime factors of (16/(-20))/(d/g)?
2, 7
Suppose -l - 2*l - d = -94, 127 = 4*l + 3*d. Let n = l - 5. List the prime factors of n.
2, 13
Let j(v) be the third derivative of v**5/30 - v**4/8 - v**3 - 10*v**2. Let c be j(6). Let l = c + -26. What are the prime factors of l?
2, 11
What are the prime factors of 705/2 - 5*6/60?
2, 11
Let n(f) = f - 7. Let j be n(11). Let u(d) = -13 + 2*d + j*d**2 + 13 + 3*d. What are the prime factors of u(-4)?
2, 11
Let u(p) = 1559*p**3 + p**2 - p + 1. What are the prime factors of u(1)?
2, 3, 5, 13
What are the prime factors of ((-6)/7)/(3/(-1722))?
2, 3, 41
Let n(p) = -7*p**3 + 2*p + 1. Let o be n(-1). Let l = o - 2. Suppose l*d - 3*d - 8 = 0. List the prime factors of d.
2
Let v(m) = 0 + 11*m**2 - 6 - 3*m**3 - 6*m**3 + 10*m**3 + 7*m. List the prime factors of v(-10).
2, 3
Let h = 16 + 14. Let i = h - -8. Suppose -i - 46 = -m. List the prime factors of m.
2, 3, 7
Let r(j) = 18*j + 135. What are the prime factors of r(10)?
3, 5, 7
Suppose -10 = -5*k + 3*h, -6*k + 8 = -2*k + 3*h. Suppose 2*t + 2*p + 50 = 0, -k*t - 2*p = -6*t - 106. What are the prime factors of (t/39)/((-4)/186)?
31
Suppose -5*v - l = -1122, 3*v - 3*l - 666 = -6*l. Suppose 4*u - v = -u. List the prime factors of u.
3, 5
Let d(j) = 7*j**2 + 3*j - 2. Let m be d(2). Suppose 0*a - 22 = -2*a. Let g = m - a. What are the prime factors of g?
3, 7
Let a be ((-2)/6)/((-4)/36). Suppose a = 3*s, 5*s + 247 = n + 2*n. List the prime factors of n.
2, 3, 7
Let a(i) = i - 6. Let r be a(7). Let b(m) = 59*m + 2. Let w be b(r). Suppose -w = -u - 23. What are the prime factors of u?
2, 19
Let z(a) = -2*a**2 + 16*a + 5. Let p be z(13). Let j = p - -225. What are the prime factors of j?
2, 5
Let f be 2/8 - (-1)/(-4). Suppose -8*v + 11*v - 114 = f. List the prime factors of v.
2, 19
Let u = 251 + 644. List the prime factors of u.
5, 179
Let x(l) = 1. Let h(z) = z - 20. Let d(m) = -h(m) + 4*x(m). List the prime factors of d(-6).
2, 3, 5
Suppose -4*i = 3*b - 7*b - 44, 2*b = -i - 7. Let o = b + 21. List the prime factors of (o/3)/(1 + 0).
5
Let f(k) = -k + 180. What are the prime factors of f(25)?
5, 31
Let w be 2/1*(-15)/(-10). Suppose -2*i - 9 + 1 = w*o, -o = -2*i + 8. Suppose v - 5*s - 36 = -i*s, -5*s = 5. What are the prime factors of v?
3, 11
Suppose 0*w + 5*w - 40 = 0. Suppose w*q - 1013 + 93 = 0. What are the prime factors of q?
5, 23
Let q(o) = -2*o + 6. Let z be q(6). Let b = z + -3. List the prime factors of (-2)/(b/(-12) - 1).
2
Let o(t) = -35*t + 7. List the prime factors of o(-11).
2, 7
Suppose -t - 2*n + 11 = 0, 3*t = 6*t - 3*n + 12. List the prime factors of (-2)/((-2)/3) - (-45)/t.
2, 3
Let r = -190 + 284. List the prime factors of r.
2, 47
Let c = 1611 + -880. List the prime factors of c.
17, 43
Suppose d + 2 = 4. Suppose d = -q + 9. Suppose 4*y + b = 20, -q = -3*y - 4*b + 21. List the prime factors of y.
2
Let r(d) be the third derivative of d**6/40 - d**5/20 + 5*d**4/24 - 7*d**3/6 + 2*d**2. List the prime factors of r(3).
2, 31
Let x = -91 + 257. List the prime factors of x.
2, 83
Suppose 0 = m + 3. Let q(j) be the third derivative of -j**6/120 - j**5/60 + j**4/6 + 92*j**2. What are the prime factors of q(m)?
2, 3
Let c(t) = -3 + 14*t**2 + 19 - 3*t**3 + 2*t**3 + 13 + 16*t. What are the prime factors of c(15)?
2, 11
Let p be ((-2)/6)/((-16)/144). Suppose -4 = -5*m + 4*m, 4*m - 61 = -p*y. What are the prime factors of y?
3, 5
What are the prime factors of -4456*2/8*(29 - 31)?
2, 557
What are the prime factors of (-64)/(-80)*(5950/(-4))/(-1)?
2, 5, 7, 17
Let d = 769 - 602. List the prime factors of d.
167
Let k be (26/(-8))/(1/(-96)) + 0. Suppose 24*a = 22*a + k. What are the prime factors of a?
2, 3, 13
Let c(w) = w**3 - 25*w**2 - 50*w - 40. What are the prime factors of c(28)?
2, 3, 19
Suppose 4*d - 488 = -3*i, 0*d = 2*i + 4*d - 332. What are the prime factors of i?
2, 3, 13
Suppose 4*i + 4*k - 664 = -148, -i = -2*k - 117. What are the prime factors of i?
5
Let m(p) = -18*p + 957. List the prime factors of m(0).
3, 11, 29
Let n(k) = 184*k + 14. List the prime factors of n(7).
2, 3, 7, 31
Let j(d) = 17*d + 8. Let h(m) = -3*m - 3. Let q be h(-3). Let t be j(q). Suppose -2*b + t = 3*b. List the prime factors of b.
2, 11
Suppose -2*z - 5*n + 127 = -0*z, 3*n = -4*z + 261. Suppose -z = -6*d + 3*d. List the prime factors of d.
2, 11
Let q(h) = -3881*h + 86. List the prime factors of q(-1).
3967
Let u = -36 + 34. List the prime factors of (-275)/u + 1/(-2).
137
Suppose 2*p + 10 = 0, -q + 5*p = -298 - 121. List the prime factors of q.
2, 197
Suppose 5*w - 4*d = 60, 0 = -5*w - 4*d + 9 + 11. Let b be ((-750)/(-40))/(3/w). Suppose 6 + b = 4*f. What are the prime factors of f?
2, 7
Suppose 2*n = 3*n - 3*r - 427, 4*n - 1698 = 2*r. Let k = -282 + n. List the prime factors of k.
2, 71
Let k = 99 + -197. Let l = 157 + k. What are the prime factors of l?
59
Suppose z = -3*z. Suppose z = 2*q - 1 - 5, -2*q + 192 = 3*g. List the prime factors of g.
2, 31
Suppose 2*n = -2*n + 5*q + 229, -n + 5*q + 61 = 0. Suppose -n - 159 = -5*v. List the prime factors of v.
43
Let s(c) = 7*c - 11. Let r be s(-4). Let n be (19/(-2))/(1/6). Let o = r - n. List the prime factors of o.
2, 3
Suppose 0 = 4*p + 5*f - 4*f - 245, 0 = 5*p - 5*f - 275. Let n = -29 + p. List the prime factors of n.
31
Suppose 5*v + 3*x - x = 17473, 2*v - 6982 = x. What are the prime factors of v?
7, 499
Let o = 2851 + -1250. What are the prime factors of o?
1601
Let m be (-35)/2 + 3/(-6). Let v be (-2)/(-9) - 122/m. What are the prime factors of v + 0 + 6/(-6)?
2, 3
Suppose -14*v = -14619 - 12541. What are the prime factors of v?
2, 5, 97
Let u(m) = -m + 3. Let o be u(-4). Let q(p) = 71*p - 69*p + 1 + 0 + 4. What are the prime factors of q(o)?
19
Let z be 2*-2*-1 - (-10701)/41. What are the prime factors of (-17)/(-34)*(z - -1)?
7, 19
Let y(f) = 1. Let i(q) = 3*q. Let o(s) = i(s) - 4*y(s). Let c be o(-5). Let n = c - -40. What are the prime factors of n?
3, 7
Let n = -71 + 47. List the prime factors of (-2964)/n - (-6)/(-4).
2, 61
Let l be (8/12)/(2/54). Let r = 30 + l. What are the prime factors of r?
2, 3
Suppose -5*n = b + 184, -4*n + 0*b = 4*b + 160. Let j = 39 + n. Suppose -t - j*t + 120 = 0. List the prime factors of t.
2, 3, 5
Let i = -225 - -383. What are the prime factors of i?
2, 79
Let d be (-1)/(-1)*38/(-4)*-2. Suppose 6*a - d*a = -3549. List the prime factors of a.
3, 7, 13
Suppose 0 = 2*n + 3*n - 35. Let u = 130 + -92. Suppose -3*m - n = -i - u, m - 5*i - 1 = 0. What are the prime factors of m?
11
Suppose n - 20 = 26. Let w = 122 - n. What are the prime factors of w?
2, 19
What are the prime factors of (-14)/6*(12 - 15 - 732)?
5, 7
List the prime factors of -3 + 2 - 7 - -791.
3, 29
Let w be 5 + -1 + (4 - -5). Suppose -3*g + 2*b = -769, 0 = 3*g + 4*b - 726 - w. List the prime factors of g.
11, 23
What are the prime factors of 7 - -22 - 3 - 9?
17
Let w be (-938)/(-70) + 6/10. Suppose 4*y + 2*h = w, -2*y = -3*h + 5 - 0. Let o(x) = 3*x**3 - 3*x**2 + 4*x - 2. List the prime factors of o(y).
2, 3
Suppose -68*c + 72*c = -3*y + 627, -5*c + 4*y = -745. List the prime factors of c.
3, 17
Let h(g) = 5 + 7*g + 14*g**2 - 5 - 2 - 6*g. What are the prime factors of h(1)?
13
What are the prime factors of 5/(-2)*(-181530)/75?
3, 2017
Let h(z) = 4*z**2 - 3*z - 3. Let v be h(-1). Suppose 201 + 168 = v*k - 3*n, -4*n = 3*k - 283. What are the prime factors of k?
3, 31
Let y(s) = -2*s - 6. Suppose -3*k + 5*g = 1 - 6, 2*k = g + 1. Suppose -3*p + p - 18 = k. List the prime factors of y(p).
2, 3
Suppose -q = -5*q + 36. Let l be 0 + q - (5 + -4). List the prime factors of 12/l - (-69)/6.
13
Let t be (-3)/(9/57) - -4. Let v = -31 - t. Let a = v + 44. List the prime factors of a.
2, 7
Suppose 2622 = 135*x - 133*x. List the prime factors of x.
3, 19, 23
Let s = -4 - 1. Let u be 1/s + 176/80. Suppose n + 49 = u*n. What are the prime factors of n?
7
Let w be 16/2 - (-12)/(-3). Let g(o) = 2*o**2 - 5*o - 2. List the prime factors of g(w).
2, 5
Let d = 15 - 13. Let f be 0/1*-1 + d. List the prime factors of (f/(-6))/((-1)/15).
5
Let c(f) = -1 + 1 + 6 - 11*f + 10*f. Let v be c(5). What are the prime factors of 3 - 1 - (-16)/v?
2, 3
Suppose -2*